pose 0 = -12*o + w*o + 20. Suppose -o*k - 7*m = -2*m - 19, -3*k + 24 = 3*m. Let d(z) = -z**3 + 6*z**2 + 8*z - 6. What is d(k)?
1
Let m(y) = -45*y + 321. Let o(u) = -216*u + 1087. Let q be o(5). What is m(q)?
6
Let w(h) = -4*h**2 - 59*h + 21. Let v be w(-15). Let r be (2 + -1)*250/10. Suppose -v*m + 5 = -r. Let g(n) = n**2 - 7*n - 4. Determine g(m).
-14
Suppose 3*v + 55 = 5*m, -11 = -206*v + 207*v + 2*m. Let w(i) = 14*i + 26. Give w(v).
-184
Let u = -139 - -175. Let a(n) = -36*n - 33*n + 27 + 106*n - u*n. What is a(0)?
27
Let d(l) = -2*l + 6752 - 6751 + 3*l. Let j = -14 - -8. Let r(a) = -a - 2. Let h be r(j). Give d(h).
5
Let m(c) = -6*c**2 - 13*c + 28. Let t(w) = -9*w**2 - 7*w + 27. Let o(y) = -4*m(y) + 3*t(y). Determine o(9).
5
Let v = -727 - -720. Let l(y) = y**2 - y - 1. Let s(n) = -n**3 - 10*n**2 + 4*n + 15. Let o(p) = 3*l(p) + s(p). Calculate o(v).
5
Let t(k) = k. Let h(c) = 1. Let b(o) = h(o) + 6*t(o). Suppose -2*m - 29*z = -24*z + 8, 2*m - 8 = 3*z. Give b(m).
7
Let j(p) = -51*p + 24 - 69*p + 127*p. Calculate j(-5).
-11
Let g(k) = -41*k**3 - 66*k**2 - 32*k - 72. Let v(d) = 25*d**3 + 40*d**2 + 19*d + 43. Let j(x) = -11*g(x) - 18*v(x). What is j(-5)?
-7
Let s(l) be the third derivative of l**5/30 - l**4/24 - 103*l**3/6 + 6582*l**2. Calculate s(0).
-103
Let u be 1/(1/(-9))*1. Let v(l) be the third derivative of l**6/120 + 3*l**5/20 - l**4/24 + l**3 + 3403*l**2. Calculate v(u).
15
Let y(l) = -1 + 2*l - 3*l**3 + 0*l - 2235*l**2 + 2228*l**2. Let j(o) = -4*o**3 - 7*o**2 + 2*o. Let a(u) = -2*j(u) + 3*y(u). What is a(-7)?
-17
Let t(i) = -6*i + 52. Let u be (-2)/(-23) - (-12084)/1748. Determine t(u).
10
Let h(m) = -2*m + 8. Let v(s) = 205*s + 5340. Let i be v(-26). Determine h(i).
-12
Suppose 3*a - 40 = -5*c, -5*a = -a - c - 15. Suppose -a*o = -851 + 796. Let w(k) = k**3 - 11*k**2. Calculate w(o).
0
Let h(c) = 2*c**2 + 11*c + 22. Suppose 11*m = -15*m - 263 + 55. What is h(m)?
62
Let g(q) be the second derivative of -q**5/20 - 5*q**4/4 - q**3/3 - 2*q**2 - 3450*q. Give g(-15).
26
Let h be (-26)/4*2*-1. Let s(u) = 5*u**2 + 6*u - 14. Let j(z) = 11*z**2 + 12*z - 29. Let q(t) = h*s(t) - 6*j(t). Give q(4).
0
Let q(y) = y - 3 + 0 - 4 - 2. Let r be -4 + 9 + -12 + (-7)/(-1). Suppose 4*m - 5*a - 19 = r, -2*m - 2*a = -3*a - 17. What is q(m)?
2
Let j(l) = -l**3 + l**2 + 21. Let n = -75 - -80. Suppose a = 6*a + 5*h + n, -a + 4*h + 4 = 0. Give j(a).
21
Let y(u) = 2*u**2 - 7*u + 6. Suppose -298 = 2*s - 4. Let c = -143 - s. Let d be y(c). Let h(a) = -a**3 + 10*a**2 - 7. What is h(d)?
-7
Let l(w) = -17*w**3 + 9*w**2 + 16*w - 5. Let k(a) = -13*a**3 + 7*a**2 + 12*a - 4. Let b(r) = -9*k(r) + 7*l(r). Determine b(3).
-41
Let v be 3/(-6) - 12/(-8). Let y be (282/(-329))/(v - (-16)/(-14)). Let x(g) = -3 - 2 + 8 + 6*g - g**2. What is x(y)?
3
Suppose 1464*u - 1472*u = 40. Let y(d) = -2*d**2 - 4*d - 5. Let k(b) = 2*b**2 + 5*b + 4. Let j(t) = 6*k(t) + 5*y(t). Determine j(u).
-1
Let v(p) = -p - 50. Let z be v(-81). Let i(u) = u**2 - 32*u + 32. Determine i(z).
1
Let b be (1*2)/((-26)/(-39)). Suppose -b*v + 7*v = 28. Suppose -v*k - 40 = -12. Let i(a) = a**2 + 4*a - 3. Determine i(k).
-3
Suppose t - 338 = 4*h, h + 158 + 497 = 2*t. Let u = -323 + t. Let w(y) = -y + y - 2 - 3*y + y**2. Calculate w(u).
-2
Let v(w) = 125 + 59*w**2 - 56*w**2 - 136 + 2*w. Give v(3).
22
Let z(m) = 3*m**2 + m - 4. Let d(n) = 4*n**2 - 4. Let f(t) = 3*d(t) - 2*z(t). Suppose -2*u - 11 = p, -51*p + 2 = -48*p + u. What is f(p)?
44
Let l(q) = 72477*q + 72460*q - 145009*q - 10*q**2 - 15. Give l(-7).
-1
Suppose -3*f + 0*f + 45 = 0. Let s be (-8 + 1)/(f/(-2) + 7). Let z(q) = -s + 6 + 3*q - 2*q**3 + 11. What is z(-2)?
13
Let k(v) be the first derivative of 3*v**2 - 169*v - 4465. Determine k(29).
5
Let k(y) = -2*y - 1. Suppose -5 + 14 = -9*p. Let g(w) = 9*w - 6. Let v(n) = p*g(n) - 4*k(n). Calculate v(14).
-4
Suppose 70 = -9*o + 7. Let t(j) = 29 - 63 + 20 - j + 22. Let x(g) = 2. Let n(k) = -t(k) + 6*x(k). Determine n(o).
-3
Let g(b) = 12*b - 31*b + 16*b - 18. Let s be g(-5). Let u(a) be the second derivative of -a**5/20 - 5*a**4/12 - a**3/6 + 2*a**2 + 31*a. Give u(s).
-11
Suppose -2*n = s - 7, -5*n - 41 = -57*s + 53*s. Let c(t) be the second derivative of -s*t + 1/2*t**2 - 1/6*t**3 + 0. Calculate c(0).
1
Let g(n) = n - 5. Let v(y) = 2*y + 33. Let o(j) = 4*g(j) + v(j). What is o(-6)?
-23
Let w(b) be the third derivative of -b**5/30 + b**4/6 - 2*b**3/3 + 7164*b**2. Calculate w(-3).
-34
Let x(m) = m**3 - 44*m**2 - 48*m + 140. Let n be x(45). Suppose -n*c - 44 = -27*c. Let g(o) = 3*o. Determine g(c).
6
Let p(t) = 31*t + 93. Let r(m) = -13*m - 47. Let q(s) = -3*p(s) - 7*r(s). Calculate q(23).
4
Suppose 0 = 3*r + 5*z + 15, 52 = -700*r + 696*r + 4*z. Let h(m) = -4*m**2 - 58*m - 179. What is h(r)?
1
Let s(u) = -u**2 - 4*u + 42. Let f be s(-12). Let b = -54 - f. Let a(d) = d**3 + 0*d + d + d - d + 8. What is a(b)?
8
Suppose 2*i + 4*b - 1060 = 0, -11*i + 2150 = -7*i - 2*b. Let r = -535 + i. Let o(u) = -6*u - 2. What is o(r)?
-8
Let a(m) = m**3 - 5*m**2 + 2. Let d be a(5). Let h(x) = -3*x**2 - 2 - 34528*x + 34528*x. Give h(d).
-14
Let j(r) = 7*r**3 + 2*r**2 - 1. Suppose 3*k = 8*k - 5. Suppose -3 = -8*g + 5*g, 0 = -3*y - 2*g - k. Determine j(y).
-6
Let z(b) be the first derivative of -b**5/24 - b**4/12 - 41*b**3/3 - 69. Let g(r) be the third derivative of z(r). Determine g(2).
-12
Let s = -47 - -49. Let r(u) = -9 + 0*u**2 + 8 - u**s - u + 14*u**3. Give r(-1).
-15
Let v(y) be the second derivative of -y**6/240 - y**5/120 + 13*y**4/6 + 5*y**3/6 - 5*y + 9. Let p(q) be the third derivative of v(q). Give p(-4).
11
Suppose -5*v + 14*p - 16 = 15*p, 2*v + 4*p - 8 = 0. Let a(b) = b**3 - 2*b**3 - 5 - 2*b**2 - b**2 + b. What is a(v)?
7
Let d(w) = -9*w**2 + 4*w + 5. Let l = -7892 + 7896. Give d(l).
-123
Let o(n) = 7*n**2 + 13*n + 15. Let j(u) = 11*u**2 + 19*u + 23. Let k be (-5 - 205/(-25))/(4/(-10)). Let q(h) = k*o(h) + 5*j(h). Give q(-9).
-5
Let b(l) be the second derivative of l**5/10 + 13*l**4/6 + 23*l**3/6 + 9*l**2/2 - 4762*l. Calculate b(-12).
21
Suppose 95 + 41 = 4*z. Let k = z + -31. Suppose 3*c + 17 = -b, 2*b = c + k*c + 36. Let j(o) = -o**2 - 6*o + 5. Determine j(c).
-2
Let j(y) = -1519 - 182*y + 788 + 185*y + 774. What is j(-16)?
-5
Let t(g) be the first derivative of -7*g**2/2 + 68*g + 2003. What is t(6)?
26
Let r(p) be the third derivative of -p**6/120 + p**5/6 - 17*p**4/24 - 22*p**3/3 + 15*p**2 + p + 7. Give r(6).
-2
Let r(j) be the second derivative of j**6/120 - j**5/12 + j**4/24 + 2*j**3/3 + j**2 - 57*j. Let b(a) be the first derivative of r(a). Calculate b(5).
9
Suppose 5*l - 4*h = 142, -3*l + 6*l - 5*h = 80. Suppose l = 7*u - 2*u. Let g(t) be the second derivative of -t**4/12 + 7*t**3/6 - 12*t + 7. Calculate g(u).
6
Let s = -140 + 180. Suppose 9 = -s*n + 39*n. Let y(z) = -2*z**2 - 17*z + 13. What is y(n)?
4
Suppose -76*p - 1818 = 73*p + 566. Let a(v) = -3*v + 28. What is a(p)?
76
Suppose -s - h = 14 - 15, -2*s + 5*h - 5 = 0. Let f(b) be the third derivative of 4/3*b**3 + 0*b + 2*b**2 + 0 + 1/60*b**5 + 0*b**4. What is f(s)?
8
Suppose -4 = 5*o + 1. Let m be (-60)/o + 0 + 2. Let u = 59 - m. Let a(b) = b**2 + 2*b - 3. Calculate a(u).
0
Let b be 48/(-28) - (36/42)/3. Let p(m) = m**2 - 2*m - 3. Give p(b).
5
Suppose -153 = -35*j + 92. Let c(i) = -5*i**3 + 16*i**2 + 4*i + 14. Let t(s) = -6*s**3 + 17*s**2 + 3*s + 15. Let w(z) = j*c(z) - 6*t(z). What is w(-9)?
-1
Let w(b) = b**2 + 8*b + 3. Let q be w(0). Suppose 7*h + q + 39 = 0. Let m(z) = 3*z + 5. What is m(h)?
-13
Let f(m) = 0*m**3 - 1110 + 1103 + 2*m**3. What is f(3)?
47
Let r(u) = -u + 3. Let w be (7 - 0)/(9 - 8). Let y(k) = -k**2 + 7*k. Let v be y(w). Give r(v).
3
Let g(u) = -24620*u**2 - 119 - 24624*u**2 + 49245*u**2 + 11*u. What is g(7)?
7
Let i(v) = 5*v - 35. Suppose -14*m = -12*m + 4*r - 6, 3*m - 39 = 4*r. Give i(m).
10
Suppose 16*l - 28 = 18*l - 4*c, -5*l - 5*c = 85. Let q(d) = -15*d - 240. Determine q(l).
0
Let n(t) = 398 - 26*t**3 - t - 269 - 128 - t**2. Give n(1).
-27
Let o(w) = -5*w**2 - 5 + 4 + 10*w**2. Let k(v) be the first derivative of 7*v**2/2 + 48*v - 106. Let j be k(-7). Give o(j).
4
Let c be 5/2 - (-1360)/160. Let l(h) = h**2 - 6*h - 57. Give l(c).
-2
Let i = -21 + 22. Let b(h) be the second derivative of -3*h**5/5 + h + 26. Give b(i).
-12
Let o(b) = -